
What is the millions digit of 1676548?
1
What is the hundreds digit of 752272?
2
What is the ten thousands digit of 4257866?
5
What is the hundreds digit of 1061992?
9
What is the thousands digit of 8935?
8
What is the hundreds digit of 20707662?
6
What is the ten thousands digit of 878646?
7
What is the ten thousands digit of 32194832?
9
What is the hundreds digit of 111807?
8
What is the tens digit of 33332322?
2
What is the ten thousands digit of 173651?
7
What is the ten thousands digit of 293031?
9
What is the ten thousands digit of 450138?
5
What is the ten millions digit of 21967712?
2
What is the ten thousands digit of 771746?
7
What is the tens digit of 1468373?
7
What is the hundreds digit of 843896?
8
What is the tens digit of 368761?
6
What is the tens digit of 6568457?
5
What is the hundreds digit of 220302?
3
What is the tens digit of 69614?
1
What is the tens digit of 576166?
6
What is the tens digit of 2443845?
4
What is the ten thousands digit of 560031?
6
What is the ten thousands digit of 1419629?
1
What is the tens digit of 1537298?
9
What is the ten thousands digit of 530478?
3
What is the ten thousands digit of 221620?
2
What is the hundred thousands digit of 11930421?
9
What is the hundred thousands digit of 19177756?
1
What is the hundreds digit of 873957?
9
What is the thousands digit of 2416741?
6
What is the hundred thousands digit of 272503?
2
What is the thousands digit of 250550?
0
What is the thousands digit of 24481893?
1
What is the tens digit of 82109?
0
What is the hundreds digit of 16619629?
6
What is the hundred thousands digit of 410553?
4
What is the ten thousands digit of 12183488?
8
What is the ten thousands digit of 1987953?
8
What is the tens digit of 119536?
3
What is the thousands digit of 875293?
5
What is the tens digit of 348874?
7
What is the hundreds digit of 9879236?
2
What is the thousands digit of 1393240?
3
What is the hundreds digit of 3729749?
7
What is the tens digit of 526282?
8
What is the hundred thousands digit of 595271?
5
What is the tens digit of 264152?
5
What is the units digit of 9184231?
1
What is the ten thousands digit of 288095?
8
What is the thousands digit of 82585?
2
What is the hundreds digit of 9678422?
4
What is the tens digit of 3022254?
5
What is the ten thousands digit of 8309438?
0
What is the tens digit of 487862?
6
What is the units digit of 80928?
8
What is the tens digit of 2364788?
8
What is the millions digit of 2361081?
2
What is the thousands digit of 297671?
7
What is the tens digit of 667402?
0
What is the units digit of 964715?
5
What is the hundred thousands digit of 277565?
2
What is the ten thousands digit of 7047051?
4
What is the thousands digit of 214629?
4
What is the tens digit of 17211478?
7
What is the tens digit of 7207804?
0
What is the units digit of 1331464?
4
What is the units digit of 11101677?
7
What is the units digit of 1264247?
7
What is the hundreds digit of 6460154?
1
What is the hundred thousands digit of 8232292?
2
What is the ten thousands digit of 241362?
4
What is the units digit of 9668114?
4
What is the ten thousands digit of 1329515?
2
What is the hundreds digit of 559869?
8
What is the units digit of 378730?
0
What is the hundreds digit of 3469397?
3
What is the thousands digit of 7498258?
8
What is the tens digit of 557643?
4
What is the tens digit of 15162085?
8
What is the ten thousands digit of 2060373?
6
What is the units digit of 269416?
6
What is the hundreds digit of 1081823?
8
What is the tens digit of 1145426?
2
What is the thousands digit of 487770?
7
What is the thousands digit of 445173?
5
What is the thousands digit of 764699?
4
What is the ten thousands digit of 88645?
8
What is the ten thousands digit of 2280610?
8
What is the thousands digit of 1377641?
7
What is the hundreds digit of 11356?
3
What is the hundred thousands digit of 12640774?
6
What is the thousands digit of 11432765?
2
What is the thousands digit of 57931?
7
What is the hundred thousands digit of 44771692?
7
What is the units digit of 1917779?
9
What is the ten thousands digit of 3774682?
7
What is the hundred thousands digit of 301577?
3
What is the ten thousands digit of 126327?
2
What is the hundreds digit of 3739118?
1
What is the hundred thousands digit of 6487543?
4
What is the tens digit of 21555?
5
What is the thousands digit of 7503651?
3
What is the thousands digit of 3825964?
5
What is the thousands digit of 3872834?
2
What is the ten thousands digit of 205882?
0
What is the hundred thousands digit of 673269?
6
What is the units digit of 82363?
3
What is the units digit of 67705?
5
What is the units digit of 106361?
1
What is the ten thousands digit of 1418566?
1
What is the ten thousands digit of 2176699?
7
What is the hundred thousands digit of 460999?
4
What is the tens digit of 207576?
7
What is the thousands digit of 692784?
2
What is the thousands digit of 338882?
8
What is the hundreds digit of 27405?
4
What is the tens digit of 3614711?
1
What is the hundred thousands digit of 653262?
6
What is the hundreds digit of 436469?
4
What is the hundred thousands digit of 2067206?
0
What is the ten thousands digit of 3252302?
5
What is the hundreds digit of 15870673?
6
What is the hundred thousands digit of 2815928?
8
What is the ten thousands digit of 14325342?
2
What is the hundreds digit of 60466?
4
What is the hundred thousands digit of 502350?
5
What is the ten thousands digit of 365224?
6
What is the ten millions digit of 21440471?
2
What is the units digit of 152302?
2
What is the thousands digit of 131570?
1
What is the tens digit of 2073162?
6
What is the thousands digit of 1232561?
2
What is the units digit of 1791419?
9
What is the hundreds digit of 5175524?
5
What is the thousands digit of 721065?
1
What is the units digit of 1223526?
6
What is the tens digit of 10070008?
0
What is the thousands digit of 2817474?
7
What is the units digit of 6226?
6
What is the thousands digit of 272818?
2
What is the hundred thousands digit of 2574360?
5
What is the units digit of 1051069?
9
What is the thousands digit of 414395?
4
What is the ten millions digit of 24666547?
2
What is the units digit of 136508?
8
What is the units digit of 12112858?
8
What is the ten thousands digit of 21823676?
2
What is the tens digit of 145651?
5
What is the thousands digit of 451534?
1
What is the hundred thousands digit of 1724860?
7
What is the tens digit of 40819649?
4
What is the ten thousands digit of 1384478?
8
What is the tens digit of 175429?
2
What is the hundreds digit of 298869?
8
What is the units digit of 3616119?
9
What is the hundreds digit of 8965650?
6
What is the hundred thousands digit of 13468701?
4
What is the hundreds digit of 211077?
0
What is the ten thousands digit of 186164?
8
What is the hundreds digit of 278893?
8
What is the tens digit of 4081188?
8
What is the ten thousands digit of 926690?
2
What is the thousands digit of 1124744?
4
What is the ten thousands digit of 3374696?
7
What is the tens digit of 131060?
6
What is the units digit of 1276230?
0
What is the hundred thousands digit of 10441228?
4
What is the ten thousands digit of 60149?
6
What is the tens digit of 17999426?
2
What is the ten thousands digit of 4934035?
3
What is the units digit of 2066658?
8
What is the ten millions digit of 34522788?
3
What is the units digit of 6522?
2
What is the ten thousands digit of 196230?
9
What is the units digit of 33589359?
9
What is the hundred thousands digit of 9072240?
0
What is the hundreds digit of 7523002?
0
What is the ten thousands digit of 5496319?
9
What is the hundreds digit of 293448?
4
What is the hundred thousands digit of 4089749?
0
What is the thousands digit of 481092?
1
What is the thousands digit of 639865?
9
What is the hundreds digit of 453637?
6
What is the hundreds digit of 535818?
8
What is the units digit of 83371?
1
What is the units digit of 485989?
9
What is the hundred thousands digit of 566235?
5
What is the thousands digit of 1424088?
4
What is the thousands digit of 524410?
4
What is the hundred thousands digit of 255357?
2
What is the hundred thousands digit of 208307?
2
What is the ten thousands digit of 10370474?
7
What is the units digit of 6449268?
8
What is the tens digit